f 2394 and 252?
126
What is the highest common divisor of 178 and 45568?
178
Calculate the greatest common factor of 286 and 39.
13
What is the greatest common divisor of 480 and 216?
24
What is the greatest common factor of 100 and 85?
5
Calculate the highest common factor of 183 and 122.
61
Calculate the greatest common divisor of 775 and 9920.
155
What is the greatest common divisor of 60 and 405?
15
Calculate the highest common factor of 74 and 66.
2
Calculate the greatest common factor of 5324 and 363.
121
Calculate the highest common divisor of 3342 and 6.
6
What is the highest common factor of 11 and 4?
1
Calculate the highest common factor of 40266 and 18.
18
What is the greatest common factor of 20 and 22?
2
What is the highest common divisor of 148 and 481?
37
Calculate the greatest common factor of 40 and 320.
40
What is the highest common factor of 68 and 28?
4
What is the highest common factor of 11 and 671?
11
Calculate the highest common factor of 7101 and 108.
27
Calculate the highest common factor of 135 and 30.
15
Calculate the greatest common divisor of 49 and 119.
7
Calculate the highest common factor of 87 and 12.
3
What is the highest common factor of 4650 and 186?
186
Calculate the highest common divisor of 176 and 16.
16
Calculate the highest common factor of 1271 and 31.
31
Calculate the highest common divisor of 312 and 117.
39
What is the highest common divisor of 80 and 9240?
40
Calculate the highest common factor of 15 and 84.
3
What is the greatest common factor of 15 and 1980?
15
What is the greatest common divisor of 3901 and 1826?
83
What is the highest common factor of 16 and 112?
16
Calculate the greatest common factor of 67 and 3886.
67
Calculate the greatest common divisor of 1634 and 129.
43
Calculate the highest common divisor of 126 and 182.
14
Calculate the highest common divisor of 4 and 14.
2
Calculate the highest common factor of 1204 and 280.
28
Calculate the greatest common factor of 16 and 256.
16
Calculate the greatest common divisor of 851 and 46.
23
What is the greatest common divisor of 90 and 1170?
90
Calculate the greatest common factor of 59 and 649.
59
Calculate the highest common divisor of 8 and 628.
4
Calculate the greatest common factor of 5275 and 422.
211
What is the highest common divisor of 784 and 16?
16
Calculate the greatest common divisor of 18 and 117.
9
What is the highest common factor of 94014 and 54?
54
What is the greatest common factor of 1888 and 2368?
32
What is the highest common factor of 2150 and 50?
50
What is the highest common divisor of 16 and 656?
16
Calculate the highest common divisor of 306 and 238.
34
Calculate the greatest common divisor of 1530 and 6.
6
What is the highest common factor of 3 and 144?
3
Calculate the greatest common divisor of 102 and 210.
6
Calculate the highest common factor of 33 and 53031.
33
What is the highest common factor of 455 and 4160?
65
What is the highest common factor of 209 and 77?
11
What is the highest common divisor of 22 and 4477?
11
Calculate the highest common divisor of 635 and 10.
5
Calculate the highest common factor of 225 and 585.
45
What is the greatest common factor of 60 and 44340?
60
What is the greatest common divisor of 297 and 4125?
33
Calculate the highest common divisor of 918 and 387.
9
Calculate the greatest common factor of 48 and 336.
48
What is the greatest common factor of 540 and 28?
4
What is the greatest common divisor of 70 and 35?
35
What is the greatest common factor of 15 and 205?
5
What is the highest common divisor of 5 and 325?
5
What is the greatest common factor of 212 and 15158?
106
What is the greatest common divisor of 54 and 126?
18
Calculate the highest common divisor of 20 and 910.
10
What is the greatest common factor of 440 and 7590?
110
Calculate the highest common divisor of 3 and 5862.
3
Calculate the greatest common divisor of 90 and 65700.
90
What is the greatest common factor of 432 and 888?
24
Calculate the highest common factor of 1950 and 156.
78
Calculate the greatest common divisor of 3798 and 18.
18
What is the highest common divisor of 57 and 3?
3
Calculate the highest common factor of 810 and 1530.
90
What is the highest common factor of 960 and 15?
15
What is the highest common factor of 923 and 26?
13
What is the highest common divisor of 1935 and 2193?
129
Calculate the greatest common divisor of 152 and 8.
8
What is the greatest common divisor of 4838 and 82?
82
Calculate the greatest common factor of 5 and 1355.
5
Calculate the greatest common factor of 6 and 150.
6
What is the greatest common divisor of 1349 and 1207?
71
Calculate the highest common divisor of 748 and 68.
68
What is the greatest common divisor of 1541 and 670?
67
What is the greatest common factor of 189 and 88641?
189
What is the greatest common divisor of 222 and 148?
74
Calculate the highest common factor of 12 and 368.
4
Calculate the highest common factor of 448 and 56.
56
What is the highest common factor of 370 and 30?
10
Calculate the greatest common factor of 95 and 2185.
95
Calculate the greatest common factor of 480 and 7520.
160
Calculate the highest common divisor of 78 and 6.
6
Calculate the greatest common divisor of 94 and 2.
2
Calculate the greatest common divisor of 6905 and 5.
5
Calculate the greatest common divisor of 11 and 8998.
11
Calculate the greatest common factor of 184 and 24.
8
What is the greatest common divisor of 703 and 19?
19
Calculate the greatest common divisor of 7 and 112.
7
What is the highest common factor of 2478 and 28?
14
Calculate the greatest common divisor of 625 and 25.
25
What is the greatest common factor of 2115 and 345?
15
What is the highest common divisor of 430 and 46870?
430
What is the greatest common divisor of 74 and 370?
74
What is the highest common divisor of 30 and 750?
30
What is the greatest common divisor of 23 and 3197?
23
Calculate the highest common factor of 14894 and 22.
22
Calculate the highest common factor of 493 and 323.
17
Calculate the highest common divisor of 1100 and 24.
4
Calculate the highest common divisor of 84 and 21.
21
Calculate the highest common divisor of 28 and 308.
28
What is the highest common factor of 14 and 3787?
7
Calculate the highest common factor of 17 and 425.
17
What is the highest common factor of 133 and 20881?
133
Calculate the greatest common factor of 846 and 18.
18
Calculate the highest common divisor of 5 and 44645.
5
What is the greatest common divisor of 26 and 130?
26
Calculate the highest common factor of 2832 and 1003.
59
Calculate the greatest common divisor of 14 and 49.
7
Calculate the greatest common divisor of 33 and 33.
33
What is the highest common divisor of 12 and 516?
12
What is the highest common divisor of 81 and 108?
27
What is the highest common divisor of 28 and 63?
7
Calculate the greatest common divisor of 55 and 44.
11
Calculate the greatest common factor of 989 and 215.
43
What is the greatest common divisor of 45 and 18555?
15
What is the greatest common factor of 8 and 8?
8
What is the greatest common divisor of 64 and 664?
8
Calculate the highest common divisor of 22 and 9449.
11
Calculate the greatest common divisor of 492 and 3.
3
Calculate the highest common factor of 15 and 32055.
15
What is the greatest common divisor of 28 and 147?
7
Calculate the greatest common factor of 240 and 100.
20
What is the greatest common factor of 90 and 2040?
30
What is the greatest common factor of 76 and 2546?
38
What is the highest common divisor of 10 and 64?
2
Calculate the greatest common divisor of 42 and 70.
14
Calculate the highest common factor of 13 and 91.
13
What is the highest common divisor of 15 and 1635?
15
What is the greatest common divisor of 77 and 880?
11
Calculate the highest common factor of 2835 and 9.
9
What is the greatest common factor of 50 and 118?
2
What is the greatest common factor of 394 and 16942?
394
What is the highest common factor of 48 and 3?
3
What is the highest common divisor of 27 and 1?
1
Calculate the highest common divisor of 1386 and 342.
18
What is the highest common factor of 141 and 188?
47
Calculate the greatest common factor of 90 and 1230.
30
What is the highest common factor of 48 and 408?
24
Calculate the highest c